rue
Let k(b) = 310*b - 5. Suppose 5*v + 0 - 25 = 0. Let n be k(v). Let q = n + -444. Is q a composite number?
True
Let w(c) = 14726*c + 7137. Is w(8) prime?
False
Suppose -2*p = -5*q + 633261, 30*p = -5*q + 34*p + 633257. Is q a prime number?
True
Let r = 3910 + -2780. Suppose 0 = 8*f - 22466 + r. Suppose 0*i + 4445 = 5*u + i, -3*u - 3*i + f = 0. Is u prime?
False
Suppose 24*h + 1454489 = 55*h. Is h a prime number?
True
Let g = 30 - 16. Let p = -15 + g. Is (p - (-248)/(-10))/(4/(-20)) composite?
True
Let c = -285 - -287. Suppose -36787 = -4*i - s, s = -5*i + c*s + 45986. Is i a composite number?
True
Let s = -112538 + 471245. Is s composite?
True
Suppose 32*l + 4 = 31*l, -3*i - l = -1627697. Is i a prime number?
True
Suppose 228*s + 2132 = 232*s. Suppose -13*v + 728 = -s. Is v prime?
True
Let u = -175565 - -422092. Is u composite?
False
Let g = 194678 - -464181. Is g composite?
True
Let j(m) = -5*m**3 - 3*m**2 - 2*m - 11. Let x be j(-5). Let p be x + 3/((-6)/(-8)). Let l = p + 784. Is l a composite number?
True
Suppose 0 = v + v - 278. Suppose 142*i + 5772 = v*i. Let z = 3633 - i. Is z composite?
False
Suppose 0 = -y + 866 + 4861. Let q = y - 2700. Suppose -5*d + 6128 = 5*c - q, 4 = -d. Is c prime?
False
Suppose -8*x + 9 = -7. Let z be (2/(-4)*x)/((-6)/18). Is 1/z - 191*96/(-18) a prime number?
True
Let o = -544 - -277. Let r = o + 332. Is r a composite number?
True
Let w(q) = 359128*q**2 - 16*q + 17. Is w(1) composite?
False
Suppose 2 = 5*m - 3*w - 10, 8 = -2*m - 2*w. Let z(f) = f + 3695. Is z(m) composite?
True
Suppose -551*f = -547*f + 5*g - 1488806, -g = 6. Is f a composite number?
True
Suppose 2*n + 2*t = 575755 + 313039, 5*n - 2222017 = 3*t. Is n composite?
False
Let s = 20 + -26. Let v(y) = -y**3 + 11*y**2 + 43*y - 1. Is v(s) a composite number?
False
Let x be (6 + 54)*(-31)/2. Let y be x/25*5/(-2). Let f = y + 22. Is f a composite number?
True
Let l = -7 + 7. Let c be (-132)/(-18)*(l - -15). Let o = c - -95. Is o prime?
False
Suppose -5*m - 1 = 2*g, 4*m + 3*g + 7 - 2 = 0. Is 3*m + 11 + 8177 composite?
False
Let l(i) = -3*i**2 + 24*i. Let f be l(8). Suppose f = -z + 730 + 5623. Is z prime?
True
Let c(s) = -83*s**3 + 2*s**2 + 3*s + 13. Let b be c(-3). Suppose 5*q - b = 2*f, 4*q - 1788 = 3*f + 28. Is q prime?
False
Is 197445 + (-54)/(-6) - ((-6)/3 - -3) prime?
True
Let l be 2/(-2) + (-1445 - -10). Is ((-30)/60)/(1/l) composite?
True
Let a(o) be the second derivative of o**5/20 + 13*o**4/12 - 10*o**3/3 - 29*o**2/2 - 7*o. Let k = -28 - -14. Is a(k) a composite number?
True
Let d(u) = 462*u + 9763. Is d(75) a composite number?
True
Let a(d) = 2*d**3 + d**2 + 31*d - 21. Let f be a(-8). Let i = 360 - f. Is i composite?
True
Let q(y) = 4*y**3 + 3*y**2 + 3*y - 6. Suppose -6*a - 3*a + 45 = 0. Let v be q(a). Suppose v = u - 2*r - 257, -u - 4*r = -835. Is u prime?
True
Let k(v) = -v**3 - 4*v**2 - 2*v + 7. Let s be k(-3). Suppose -3*w = -4*n + 9*n - 4564, -s*w + n + 6116 = 0. Suppose 0 = 13*m - 9*m - w. Is m a composite number?
True
Let d = 141664 + -101173. Suppose -12*i - d = -21*i. Is i a composite number?
True
Let m(a) = -a**3 + 9*a**2 - 4*a - 13. Let d be m(8). Suppose 3*l = 4*w + 47, -2*l + 3*w + 51 - d = 0. Suppose n - l*n + 27420 = 0. Is n a prime number?
False
Let w(i) = -21714*i + 1795. Is w(-21) a composite number?
False
Let b be (5*(3 + -45))/(-2). Is 351214/30 - 14/b composite?
True
Let l(y) = -y**3 + 4*y**2 - 4*y + 27. Let s be l(5). Is 9601/((-24)/s - (-2)/(-6)) a composite number?
False
Let o = 216357 - -252980. Is o a prime number?
False
Let m be (-4 - -9 - 8) + (1 - 896). Let b = m + 1819. Is b prime?
False
Let y(m) = 6*m + 7 + 6427*m**2 + 2093*m**2 + 3592*m**2. Is y(-1) prime?
True
Suppose 0 = -320*p + 191711063 + 106090217. Is p a composite number?
True
Let m(j) = 291314*j + 10711. Is m(5) composite?
False
Is (752167 - -29)*(-2)/(-6)*(-6)/(-24) composite?
False
Let r(j) = 6*j - 36. Let w be r(9). Suppose 5*s + w*a = 14*a + 86443, -5*s - 5*a = -86440. Is s a prime number?
True
Is -7*(-4)/7 + 116253 prime?
True
Let f(h) = 5277*h - 54. Let x(g) = 1319*g - 13. Let k(n) = 5*f(n) - 21*x(n). Suppose -7*b + 2*b + 5*y - 30 = 0, 2*y = -4*b. Is k(b) prime?
False
Let k = -75 + 152. Is 22/k + ((-89622)/(-21) - 3) a composite number?
True
Let u be (-68)/17*4/8. Is (-38350)/(-15) + (u - 0)/(-6) a prime number?
True
Let h = 800 - 411. Suppose -46*r = 10402 + 1374. Let o = h + r. Is o a composite number?
True
Let v(p) = 2*p**3 - 10*p**2 + 17*p + 2. Let m be -4*(-5)/10 - (-1 - -1). Suppose m*k + o - 17 = 0, -2*o + 2 = -k + o. Is v(k) a prime number?
True
Let f = 160 + -155. Let s(m) = 61*m**2 - 14. Is s(f) composite?
False
Let r(a) = -372*a**3 + 11*a**2 + 9*a + 7. Let t(z) = z**3 - 7*z + 3. Let g be t(2). Is r(g) a prime number?
False
Let n = 64 - 88. Is n/(-28) - 34779/(-21) composite?
False
Let d(k) = 1376*k**2 + 95*k - 1019. Is d(10) a composite number?
True
Is (-897)/1495 + (-799448)/(-5) a prime number?
False
Let u(b) = 8*b - 7 + 31*b**2 + 48*b**2 - 6*b**2. Is u(-6) a composite number?
True
Let y(x) = 9*x**3 - 19*x**2 - 103*x + 143. Is y(24) prime?
True
Let r = 106 - 116. Is (2 - (-10)/r)/((-2)/(-1828)) a prime number?
False
Let l = 24 - 61. Let t = 41 + l. Is (-944)/20*(-10)/t a composite number?
True
Suppose -10 = -18*h + 16*h. Suppose 311 = u - h*f + 52, 0 = 3*u + 2*f - 692. Let v = 337 - u. Is v a prime number?
True
Let b = -6679 + 9892. Suppose 5*j = x + 14218, -x + b = 2*j - 2470. Is j composite?
False
Let i = -14 - -14. Suppose i*z - 2*z = -794. Let j = z - 104. Is j prime?
True
Let w(a) = 447*a - 9143 - a + 199*a + 9151. Is w(3) a prime number?
False
Let x(u) = 3478*u - 36. Let r(b) = -1740*b + 19. Let s(n) = 5*r(n) + 3*x(n). Is s(8) prime?
True
Let g = 9 - -30. Let f be (7849809/(-36))/37 - (-3)/(-4). Is f/(-12) - (g/18 + -2) a prime number?
True
Suppose 0 + 8 = 4*m, -5*k - 3 = m. Let a be (8 - 12)*((-3)/(-4))/k. Suppose -2*w - 1211 = -a*w. Is w a composite number?
True
Suppose -14734 = -7*w + 4880. Suppose -2*z + 2898 = -4*g, 3*g - w - 1509 = -3*z. Is z a prime number?
False
Suppose 7145 + 92111 + 106988 = 36*v. Is v prime?
False
Let d = -264083 + 492972. Is d composite?
True
Let m(i) = -16965*i - 1454. Is m(-1) a prime number?
True
Let w = -323622 + 649645. Is w a prime number?
True
Let d(h) be the second derivative of 0 - 5/6*h**3 + 19/20*h**5 + 1/12*h**4 + 2*h**2 - 9*h. Is d(3) prime?
False
Suppose -2*y - 10 = 0, 5*i - i = 3*y + 43. Suppose -i*f + 0*f + 85295 = 0. Is f a prime number?
False
Let i(q) = -q**3 + 4*q**2 + 5. Let u be i(4). Suppose -u*n - 4*r + 213 = -0*r, -r + 2 = 0. Let a = n - 38. Is a a composite number?
False
Is ((-161886)/5)/((-6)/255*17) composite?
True
Suppose -o = 3*o - 18932. Let y = o + -1246. Is y a composite number?
True
Is 10632357/33 + 8/(-154)*-7 a prime number?
True
Let p = -7 + 9. Suppose -4*x - 4*u - 1268 = 0, -1271 = 4*x - u + p*u. Is (0 - x/(-9))/((-4)/18) a prime number?
False
Suppose 2*q - 2*s - 34034 = 0, 199*s = -5*q + 197*s + 85127. Is q composite?
True
Let l(y) = -38*y. Let u be l(-1). Let b = 42 - u. Is 458*1*((2 - 5) + b) a composite number?
True
Let q(p) be the first derivative of 60*p**3 + 2*p**2 - 9*p + 2. Let l(x) = 42*x - 1087. Let t be l(26). Is q(t) composite?
True
Let t(v) = 16*v - 51. Let u be t(-10). Let r = 15 - u. Is r prime?
False
Let h(l) = 151*l**2 - 92*l + 2. Let u be h(6). Let r = u - 3415. Is r a composite number?
False
Suppose 0 = -0*y + 14*y + 1442. Let u = y - -107. Is u/16*4*89 composite?
False
Let x = 17 - 12. Suppose 0 = -5*t + x, -52485 - 43607 = -5*r - 2*t. Suppose r = f + 5*f. Is f prime?
True
Suppose 5*a + t = 111799, t = -3*a + 29807 + 37270. Is a a composite number?
True
Let d(l) = 3922*l - 13. Let o be d(1). Let n = o - 2252. Is n composite?
False
Let f be (131880/(-150))/(1/5). Let y = 5265 - f. Is y a composite number?
False
Let c be (13 - 3)*(-1 - -1*463). Let j = -1593 + c. Is j a composite number?
True
Let a = -204 - -210. Suppose -5*p - 2*h = -783, h + a = -2*p + 320. Is p prime?
False
Let z(l) = 1345*l**3 - l**2 - 4*l - 2. Let i be z(3). Suppose 0 = -4*r - 1452 + i. Suppose -b = -11*b + r. Is b composite?
True
Let v = -15 - -23. Suppose v*m + 7483 = 15*m. Is m composite?
False
Let k be (0 + 9/(-3))/(6/(-1868)). Suppose -c + k = c. Suppose -447 = -